{"id":26,"date":"2024-05-07T10:20:56","date_gmt":"2024-05-07T08:20:56","guid":{"rendered":"http:\/\/localhost\/CEIPLasPortadas\/?page_id=26"},"modified":"2024-05-08T12:44:21","modified_gmt":"2024-05-08T10:44:21","slug":"novedades","status":"publish","type":"page","link":"https:\/\/ceiplasportadas.es\/?page_id=26","title":{"rendered":"Novedades"},"content":{"rendered":"<div class=\"fusion-fullwidth fullwidth-box fusion-builder-row-1 fusion-flex-container nonhundred-percent-fullwidth non-hundred-percent-height-scrolling\" style=\"background-color: rgba(255,255,255,0);background-position: center center;background-repeat: no-repeat;border-width: 0px 0px 0px 0px;border-color:#e2e2e2;border-style:solid;\" ><div class=\"fusion-builder-row fusion-row fusion-flex-align-items-flex-start\" style=\"max-width:1248px;margin-left: calc(-4% \/ 2 );margin-right: calc(-4% \/ 2 );\"><div class=\"fusion-layout-column fusion_builder_column fusion-builder-column-0 fusion_builder_column_1_1 1_1 fusion-flex-column\"><div class=\"fusion-column-wrapper fusion-flex-justify-content-flex-start fusion-content-layout-column\" style=\"background-position:left top;background-repeat:no-repeat;-webkit-background-size:cover;-moz-background-size:cover;-o-background-size:cover;background-size:cover;padding: 0px 0px 0px 0px;\"><style type=\"text\/css\">@media only screen and (max-width:1024px) {.fusion-title.fusion-title-1{margin-top:0px!important;margin-bottom:0px!important;}}@media only screen and (max-width:640px) {.fusion-title.fusion-title-1{margin-top:10px!important;margin-bottom:10px!important;}}<\/style><div class=\"fusion-title title fusion-title-1 fusion-sep-none fusion-title-center fusion-title-text fusion-title-size-one\" style=\"margin-top:0px;margin-bottom:0px;\"><h1 class=\"title-heading-center\" style=\"font-family:&#039;Arial Black&#039;, Gadget, sans-serif;font-weight:400;margin:0;\"><h1><strong>Novedades<\/strong><\/h1><\/h1><\/div><div class=\"fusion-recent-posts fusion-recent-posts-1 avada-container layout-default layout-columns-4\"><section class=\"fusion-columns columns fusion-columns-4 columns-4\"><article class=\"post fusion-column column col col-lg-3 col-md-3 col-sm-3\"><div class=\"fusion-flexslider fusion-flexslider-loading flexslider flexslider-hover-type-none\"><ul class=\"slides\"><li><a href=\"https:\/\/ceiplasportadas.es\/?p=531\" aria-label=\"Plan de seguridad del centro\" class=\"hover-type-none\"><img decoding=\"async\" width=\"385\" height=\"319\" src=\"https:\/\/ceiplasportadas.es\/wp-content\/uploads\/2025\/11\/colegi.jpg\" class=\"attachment-recent-posts size-recent-posts\" alt=\"\" srcset=\"https:\/\/ceiplasportadas.es\/wp-content\/uploads\/2025\/11\/colegi-200x166.jpg 200w, https:\/\/ceiplasportadas.es\/wp-content\/uploads\/2025\/11\/colegi-300x249.jpg 300w, https:\/\/ceiplasportadas.es\/wp-content\/uploads\/2025\/11\/colegi.jpg 385w\" sizes=\"(max-width: 385px) 100vw, 385px\" \/><\/a><\/li><\/ul><\/div><div class=\"recent-posts-content\"><span class=\"vcard\" style=\"display: none;\"><span class=\"fn\"><a href=\"https:\/\/ceiplasportadas.es\/?author=1\" title=\"Entradas de admin\" rel=\"author\">admin<\/a><\/span><\/span><span class=\"updated\" style=\"display:none;\">2025-12-02T09:44:48+01:00<\/span><h4 class=\"entry-title\"><a href=\"https:\/\/ceiplasportadas.es\/?p=531\">Plan de seguridad del centro<\/a><\/h4><p>   <\/p><\/div><\/article><article class=\"post fusion-column column col col-lg-3 col-md-3 col-sm-3\"><div class=\"fusion-flexslider fusion-flexslider-loading flexslider flexslider-hover-type-none\"><ul class=\"slides\"><li><a href=\"https:\/\/ceiplasportadas.es\/?p=423\" aria-label=\"PANTALLAS DIGITALES\" class=\"hover-type-none\"><img decoding=\"async\" width=\"589\" height=\"395\" src=\"https:\/\/ceiplasportadas.es\/wp-content\/uploads\/2025\/10\/Captura-de-pantalla-2025-10-31-120403.png\" class=\"attachment-recent-posts size-recent-posts\" alt=\"\" srcset=\"https:\/\/ceiplasportadas.es\/wp-content\/uploads\/2025\/10\/Captura-de-pantalla-2025-10-31-120403-200x134.png 200w, https:\/\/ceiplasportadas.es\/wp-content\/uploads\/2025\/10\/Captura-de-pantalla-2025-10-31-120403-300x201.png 300w, https:\/\/ceiplasportadas.es\/wp-content\/uploads\/2025\/10\/Captura-de-pantalla-2025-10-31-120403-400x268.png 400w, https:\/\/ceiplasportadas.es\/wp-content\/uploads\/2025\/10\/Captura-de-pantalla-2025-10-31-120403.png 589w\" sizes=\"(max-width: 589px) 100vw, 589px\" \/><\/a><\/li><\/ul><\/div><div class=\"recent-posts-content\"><span class=\"vcard\" style=\"display: none;\"><span class=\"fn\"><a href=\"https:\/\/ceiplasportadas.es\/?author=1\" title=\"Entradas de admin\" rel=\"author\">admin<\/a><\/span><\/span><span class=\"updated\" style=\"display:none;\">2025-10-31T12:04:40+01:00<\/span><h4 class=\"entry-title\"><a href=\"https:\/\/ceiplasportadas.es\/?p=423\">PANTALLAS DIGITALES<\/a><\/h4><p><\/p><\/div><\/article><article class=\"post fusion-column column col col-lg-3 col-md-3 col-sm-3\"><div class=\"fusion-flexslider fusion-flexslider-loading flexslider flexslider-hover-type-none\"><ul class=\"slides\"><li><a href=\"https:\/\/ceiplasportadas.es\/?p=397\" aria-label=\"\u00a1Nuevos merenderos en el patio de Primaria!\" class=\"hover-type-none\"><img decoding=\"async\" width=\"700\" height=\"424\" src=\"https:\/\/ceiplasportadas.es\/wp-content\/uploads\/2025\/10\/merenderos-700x424.jpg\" class=\"attachment-recent-posts size-recent-posts\" alt=\"\" \/><\/a><\/li><\/ul><\/div><div class=\"recent-posts-content\"><span class=\"vcard\" style=\"display: none;\"><span class=\"fn\"><a href=\"https:\/\/ceiplasportadas.es\/?author=1\" title=\"Entradas de admin\" rel=\"author\">admin<\/a><\/span><\/span><span class=\"updated\" style=\"display:none;\">2025-10-24T10:19:21+02:00<\/span><h4 class=\"entry-title\"><a href=\"https:\/\/ceiplasportadas.es\/?p=397\">\u00a1Nuevos merenderos en el patio de Primaria!<\/a><\/h4><p>   En el CEIP Las Portadas seguimos mejorando nuestros espacios para el disfrute y aprendizaje de nuestro alumnado. Gracias a la colaboraci\u00f3n de la AMPA, hemos instalado tres nuevos merenderos en el patio [...]<\/p><\/div><\/article><article class=\"post fusion-column column col col-lg-3 col-md-3 col-sm-3\"><div class=\"fusion-flexslider fusion-flexslider-loading flexslider flexslider-hover-type-none\"><ul class=\"slides\"><li><a href=\"https:\/\/ceiplasportadas.es\/?p=390\" aria-label=\"PREMIOS MENTES AMI DE LA FUNDACI\u00d3N ATRESMEDIA\" class=\"hover-type-none\"><img decoding=\"async\" width=\"700\" height=\"441\" src=\"https:\/\/ceiplasportadas.es\/wp-content\/uploads\/2025\/10\/fotoGrupalTrofeo-700x441.png\" class=\"attachment-recent-posts size-recent-posts\" alt=\"\" srcset=\"https:\/\/ceiplasportadas.es\/wp-content\/uploads\/2025\/10\/fotoGrupalTrofeo-320x202.png 320w, https:\/\/ceiplasportadas.es\/wp-content\/uploads\/2025\/10\/fotoGrupalTrofeo-700x441.png 700w\" sizes=\"(max-width: 700px) 100vw, 700px\" \/><\/a><\/li><\/ul><\/div><div class=\"recent-posts-content\"><span class=\"vcard\" style=\"display: none;\"><span class=\"fn\"><a href=\"https:\/\/ceiplasportadas.es\/?author=1\" title=\"Entradas de admin\" rel=\"author\">admin<\/a><\/span><\/span><span class=\"updated\" style=\"display:none;\">2025-10-24T10:19:30+02:00<\/span><h4 class=\"entry-title\"><a href=\"https:\/\/ceiplasportadas.es\/?p=390\">PREMIOS MENTES AMI DE LA FUNDACI\u00d3N ATRESMEDIA<\/a><\/h4><p>    El s\u00e1bado 18 de octubre El IES Alvareda, junto con los CEIP Las Portadas, Maestro Jos\u00e9 Varela y Juan Ram\u00f3n Jim\u00e9nez fueron premiados como finalistas de los premios \u201cMentes AMI\u201d de [...]<\/p><\/div><\/article><article class=\"post fusion-column column col col-lg-3 col-md-3 col-sm-3\"><div class=\"fusion-flexslider fusion-flexslider-loading flexslider flexslider-hover-type-none\"><ul class=\"slides\"><li><a href=\"https:\/\/ceiplasportadas.es\/?p=330\" aria-label=\"\u2728 Un curso de cuento \u2728\" class=\"hover-type-none\"><img decoding=\"async\" width=\"700\" height=\"441\" src=\"https:\/\/ceiplasportadas.es\/wp-content\/uploads\/2025\/10\/ceiplasportadas-700x441.jpg\" class=\"attachment-recent-posts size-recent-posts\" alt=\"\" srcset=\"https:\/\/ceiplasportadas.es\/wp-content\/uploads\/2025\/10\/ceiplasportadas-320x202.jpg 320w, https:\/\/ceiplasportadas.es\/wp-content\/uploads\/2025\/10\/ceiplasportadas-700x441.jpg 700w\" sizes=\"(max-width: 700px) 100vw, 700px\" \/><\/a><\/li><\/ul><\/div><div class=\"recent-posts-content\"><span class=\"vcard\" style=\"display: none;\"><span class=\"fn\"><a href=\"https:\/\/ceiplasportadas.es\/?author=1\" title=\"Entradas de admin\" rel=\"author\">admin<\/a><\/span><\/span><span class=\"updated\" style=\"display:none;\">2025-10-16T10:35:48+02:00<\/span><h4 class=\"entry-title\"><a href=\"https:\/\/ceiplasportadas.es\/?p=330\">\u2728 Un curso de cuento \u2728<\/a><\/h4><p>  \u00a1Bienvenidos y bienvenidas al nuevo curso escolar 2025-2026! Comenzamos este nuevo viaje con much\u00edsima ilusi\u00f3n, energ\u00edas renovadas y un proyecto muy especial que llenar\u00e1 de magia todos los rincones de nuestro cole. Este [...]<\/p><\/div><\/article><\/section><\/div><\/div><\/div><style type=\"text\/css\">.fusion-body .fusion-builder-column-0{width:100% !important;margin-top : 0px;margin-bottom : 20px;}.fusion-builder-column-0 > .fusion-column-wrapper {padding-top : 0px !important;padding-right : 0px !important;margin-right : 1.92%;padding-bottom : 0px !important;padding-left : 0px !important;margin-left : 1.92%;}@media only screen and (max-width:1024px) {.fusion-body .fusion-builder-column-0{width:100% !important;order : 0;}.fusion-builder-column-0 > .fusion-column-wrapper {margin-right : 1.92%;margin-left : 1.92%;}}@media only screen and (max-width:640px) {.fusion-body .fusion-builder-column-0{width:100% !important;order : 0;}.fusion-builder-column-0 > .fusion-column-wrapper {margin-right : 1.92%;margin-left : 1.92%;}}<\/style><\/div><style type=\"text\/css\">.fusion-body .fusion-flex-container.fusion-builder-row-1{ padding-top : 0px;margin-top : 0px;padding-right : 0px;padding-bottom : 0px;margin-bottom : 0px;padding-left : 0px;}<\/style><\/div>\n","protected":false},"excerpt":{"rendered":"","protected":false},"author":1,"featured_media":0,"parent":0,"menu_order":0,"comment_status":"closed","ping_status":"closed","template":"","meta":{"footnotes":""},"class_list":["post-26","page","type-page","status-publish","hentry"],"_links":{"self":[{"href":"https:\/\/ceiplasportadas.es\/index.php?rest_route=\/wp\/v2\/pages\/26","targetHints":{"allow":["GET"]}}],"collection":[{"href":"https:\/\/ceiplasportadas.es\/index.php?rest_route=\/wp\/v2\/pages"}],"about":[{"href":"https:\/\/ceiplasportadas.es\/index.php?rest_route=\/wp\/v2\/types\/page"}],"author":[{"embeddable":true,"href":"https:\/\/ceiplasportadas.es\/index.php?rest_route=\/wp\/v2\/users\/1"}],"replies":[{"embeddable":true,"href":"https:\/\/ceiplasportadas.es\/index.php?rest_route=%2Fwp%2Fv2%2Fcomments&post=26"}],"version-history":[{"count":4,"href":"https:\/\/ceiplasportadas.es\/index.php?rest_route=\/wp\/v2\/pages\/26\/revisions"}],"predecessor-version":[{"id":216,"href":"https:\/\/ceiplasportadas.es\/index.php?rest_route=\/wp\/v2\/pages\/26\/revisions\/216"}],"wp:attachment":[{"href":"https:\/\/ceiplasportadas.es\/index.php?rest_route=%2Fwp%2Fv2%2Fmedia&parent=26"}],"curies":[{"name":"wp","href":"https:\/\/api.w.org\/{rel}","templated":true}]}}